{"id":3954,"date":"2022-11-06T12:59:37","date_gmt":"2022-11-06T09:59:37","guid":{"rendered":"http:\/\/gencbilgiislem.com\/sigorta\/?page_id=3954"},"modified":"2022-11-21T20:58:24","modified_gmt":"2022-11-21T17:58:24","slug":"elementor-3954","status":"publish","type":"page","link":"http:\/\/gencbilgiislem.com\/sigorta\/elementor-3954\/","title":{"rendered":"Trafik Sigortas\u0131 Teklif Formu"},"content":{"rendered":"\t\t<div data-elementor-type=\"wp-page\" data-elementor-id=\"3954\" class=\"elementor elementor-3954\">\n\t\t\t\t\t\t\t        <section class=\"elementor-section elementor-top-section elementor-element elementor-element-3455816 elementor-section-boxed elementor-section-height-default elementor-section-height-default\" data-id=\"3455816\" data-element_type=\"section\">\n            \n                        <div class=\"elementor-container elementor-column-gap-default \">\n                    <div class=\"elementor-column elementor-col-100 elementor-top-column elementor-element elementor-element-1789662\" data-id=\"1789662\" data-element_type=\"column\">\n            <div class=\"elementor-widget-wrap elementor-element-populated\">\n                        \t\t<div class=\"elementor-element elementor-element-2ea2423 elementor-widget elementor-widget-ct_heading\" data-id=\"2ea2423\" data-element_type=\"widget\" data-widget_type=\"ct_heading.default\">\n\t\t\t\t<div class=\"elementor-widget-container\">\n\t\t\t<div class=\"ct-heading ct-heading-default h-align-center \" data-wow-duration=\"1.2s\">\r\n\t\t\t<div class=\"item--sub-title style-default\">\r\n            <span>Rasel Sigorta<\/span>\r\n        <\/div>\r\n\t        <h3 class=\"item--title\">\r\n                Trafik Sigortas\u0131 <cite>Fiyat Teklifi<\/cite>    <\/h3>\r\n<\/div>\t\t<\/div>\n\t\t\t\t<\/div>\n\t\t            <\/div>\n        <\/div>\n                            <\/div>\n        <\/section>\n                <section class=\"elementor-section elementor-top-section elementor-element elementor-element-06fa462 elementor-section-boxed elementor-section-height-default elementor-section-height-default\" data-id=\"06fa462\" data-element_type=\"section\">\n            \n                        <div class=\"elementor-container elementor-column-gap-default \">\n                    <div class=\"elementor-column elementor-col-100 elementor-top-column elementor-element elementor-element-7e0b434\" data-id=\"7e0b434\" data-element_type=\"column\">\n            <div class=\"elementor-widget-wrap elementor-element-populated\">\n                        \t\t<div class=\"elementor-element elementor-element-6da5f38 elementor-widget elementor-widget-ct_contact_form\" data-id=\"6da5f38\" data-element_type=\"widget\" data-widget_type=\"ct_contact_form.default\">\n\t\t\t\t<div class=\"elementor-widget-container\">\n\t\t\t    <div class=\"ct-contact-form-layout1 style1 \">\r\n    \t        <div class=\"ct-contact-form\">\r\n            <div role=\"form\" class=\"wpcf7\" id=\"wpcf7-f3956-o1\" lang=\"en-US\" dir=\"ltr\">\n<div class=\"screen-reader-response\"><p role=\"status\" aria-live=\"polite\" aria-atomic=\"true\"><\/p> <ul><\/ul><\/div>\n<form action=\"\/sigorta\/wp-json\/wp\/v2\/pages\/3954#wpcf7-f3956-o1\" method=\"post\" class=\"wpcf7-form init\" novalidate=\"novalidate\" data-status=\"init\">\n<div style=\"display: none;\">\n<input type=\"hidden\" name=\"_wpcf7\" value=\"3956\" \/>\n<input type=\"hidden\" name=\"_wpcf7_version\" value=\"5.6.3\" \/>\n<input type=\"hidden\" name=\"_wpcf7_locale\" value=\"en_US\" \/>\n<input type=\"hidden\" name=\"_wpcf7_unit_tag\" value=\"wpcf7-f3956-o1\" \/>\n<input type=\"hidden\" name=\"_wpcf7_container_post\" value=\"0\" \/>\n<input type=\"hidden\" name=\"_wpcf7_posted_data_hash\" value=\"\" \/>\n<\/div>\n<div class=\"row\">\n<div class=\"input-filled col-lg-6 col-md-6\"><label>Plaka Ve Kimlik Bilgileri<\/label><\/div>\n<\/div>\n<div class=\"row\">\n<div class=\"input-filled col-lg-6 col-md-6\"><label>T.C. Kimlik \/ Vergi Kimlik No *<br \/>\n<\/label><span class=\"wpcf7-form-control-wrap\" data-name=\"tckimlik-no-vergi-no\"><input type=\"text\" name=\"tckimlik-no-vergi-no\" value=\"\" size=\"40\" class=\"wpcf7-form-control wpcf7-text wpcf7-validates-as-required\" aria-required=\"true\" aria-invalid=\"false\" placeholder=\"TC Kimlik \/ Vergi No\" \/><\/span><\/div>\n<div class=\"input-filled col-lg-6 col-md-6\"><label>Sigortal\u0131 Do\u011fum Tarihi*<\/label><span class=\"wpcf7-form-control-wrap\" data-name=\"sigortali-dogum-tarihi\"><input type=\"date\" name=\"sigortali-dogum-tarihi\" value=\"\" class=\"wpcf7-form-control wpcf7-date wpcf7-validates-as-date\" min=\"1940-01-06\" max=\"2022-11-06\" aria-invalid=\"false\" \/><\/span><\/div>\n<\/div>\n<div class=\"row\">\n<div class=\"input-filled col-lg-6 col-md-6\"><label>E-Posta*<br \/>\n<\/label><span class=\"wpcf7-form-control-wrap\" data-name=\"e-posta\"><input type=\"email\" name=\"e-posta\" value=\"\" size=\"40\" class=\"wpcf7-form-control wpcf7-text wpcf7-email wpcf7-validates-as-required wpcf7-validates-as-email\" aria-required=\"true\" aria-invalid=\"false\" placeholder=\"example@example.com\" \/><\/span><\/div>\n<div class=\"input-filled col-lg-6 col-md-6\"><label>Telefon Numaras\u0131*<\/label><span class=\"wpcf7-form-control-wrap\" data-name=\"telefon\"><input type=\"tel\" name=\"telefon\" value=\"\" size=\"40\" class=\"wpcf7-form-control wpcf7-text wpcf7-tel wpcf7-validates-as-required wpcf7-validates-as-tel\" aria-required=\"true\" aria-invalid=\"false\" placeholder=\"5XX XXX XX XX\" \/><\/span> <\/div>\n<\/div>\n<div class=\"input-filled col-lg-6 col-md-6\"><label>Arac\u0131n\u0131z S\u0131f\u0131r M\u0131 ?*<br \/>\n<\/label><span class=\"wpcf7-form-control-wrap\" data-name=\"arac-durumu\"><span class=\"wpcf7-form-control wpcf7-radio\"><span class=\"wpcf7-list-item first\"><label><span class=\"wpcf7-list-item-label\">Evet<\/span><input type=\"radio\" name=\"arac-durumu\" value=\"Evet\" checked=\"checked\" \/><\/label><\/span><span class=\"wpcf7-list-item last\"><label><span class=\"wpcf7-list-item-label\">Hay\u0131r<\/span><input type=\"radio\" name=\"arac-durumu\" value=\"Hay\u0131r\" \/><\/label><\/span><\/span><\/span><\/div>\n<div class=\"row\">\n<div class=\"input-filled col-lg-6 col-md-6\"><label>Plaka*<br \/>\n<\/label><span class=\"wpcf7-form-control-wrap\" data-name=\"Plaka\"><input type=\"text\" name=\"Plaka\" value=\"\" size=\"40\" class=\"wpcf7-form-control wpcf7-text wpcf7-validates-as-required\" aria-required=\"true\" aria-invalid=\"false\" placeholder=\"00XX0000\" \/><\/span><\/div>\n<div class=\"input-filled col-lg-6 col-md-6\"><label>Belge Seri Ve No*<\/label><span class=\"wpcf7-form-control-wrap\" data-name=\"seri-sicil\"><input type=\"text\" name=\"seri-sicil\" value=\"\" size=\"40\" class=\"wpcf7-form-control wpcf7-text wpcf7-validates-as-required\" aria-required=\"true\" aria-invalid=\"false\" placeholder=\"aa000000\" \/><\/span><\/div>\n<\/div>\n<div class=\"row\">\n<div class=\"input-filled col-lg-6 col-md-6\"><label>Ara\u00e7 Bilgileri<\/label><\/div>\n<\/div>\n<div class=\"input-filled col-lg-6 col-md-6\"><label>Arac\u0131n\u0131z S\u0131f\u0131r M\u0131 ?*<br \/>\n<\/label><span class=\"wpcf7-form-control-wrap\" data-name=\"arac-durumu\"><span class=\"wpcf7-form-control wpcf7-radio\"><span class=\"wpcf7-list-item first\"><label><span class=\"wpcf7-list-item-label\">Evet<\/span><input type=\"radio\" name=\"arac-durumu\" value=\"Evet\" checked=\"checked\" \/><\/label><\/span><span class=\"wpcf7-list-item last\"><label><span class=\"wpcf7-list-item-label\">Hay\u0131r<\/span><input type=\"radio\" name=\"arac-durumu\" value=\"Hay\u0131r\" \/><\/label><\/span><\/span><\/span><\/div>\n<div class=\"input-filled col-lg-3 col-md-3\"><label>Ara\u00e7 Tescil Tarihi*<br \/>\n<\/label><span class=\"wpcf7-form-control-wrap\" data-name=\"arac-tescil-tarihi\"><input type=\"date\" name=\"arac-tescil-tarihi\" value=\"\" class=\"wpcf7-form-control wpcf7-date wpcf7-validates-as-required wpcf7-validates-as-date\" min=\"1950-01-11\" aria-required=\"true\" aria-invalid=\"false\" \/><\/span><\/div>\n<div class=\"row\">\n<div class=\"input-filled col-lg-4 col-md-4\"><label>Marka*<br \/>\n<\/label><span class=\"wpcf7-form-control-wrap\" data-name=\"marka\"><select name=\"marka\" class=\"wpcf7-form-control wpcf7-select wpcf7-validates-as-required\" aria-required=\"true\" aria-invalid=\"false\"><option value=\"\">---<\/option><option value=\"Audi\">Audi<\/option><option value=\"Mercedes\">Mercedes<\/option><option value=\"BMW\">BMW<\/option><option value=\"Ford\">Ford<\/option><option value=\"Hundai\">Hundai<\/option><\/select><\/span><\/div>\n<div class=\"input-filled col-lg-4 col-md-4\"><label>Model Y\u0131l\u0131*<\/label><span class=\"wpcf7-form-control-wrap\" data-name=\"Yl\"><select name=\"Yl\" class=\"wpcf7-form-control wpcf7-select wpcf7-validates-as-required\" aria-required=\"true\" aria-invalid=\"false\"><option value=\"\">---<\/option><option value=\"1991\">1991<\/option><option value=\"1992\">1992<\/option><option value=\"1993\">1993<\/option><option value=\"1994\">1994<\/option><option value=\"1995\">1995<\/option><option value=\"1996\">1996<\/option><option value=\"1997\">1997<\/option><option value=\"1998\">1998<\/option><option value=\"1999\">1999<\/option><option value=\"2000\">2000<\/option><option value=\"2001\">2001<\/option><option value=\"2002\">2002<\/option><option value=\"2003\">2003<\/option><option value=\"2004\">2004<\/option><option value=\"2005\">2005<\/option><option value=\"2006\">2006<\/option><option value=\"2007\">2007<\/option><option value=\"2008\">2008<\/option><option value=\"2009\">2009<\/option><option value=\"2010\">2010<\/option><\/select><\/span><\/div>\n<div class=\"input-filled col-lg-4 col-md-4\"><label>Model*<\/label><span class=\"wpcf7-form-control-wrap\" data-name=\"Model\"><input type=\"text\" name=\"Model\" value=\"\" size=\"40\" class=\"wpcf7-form-control wpcf7-text wpcf7-validates-as-required\" aria-required=\"true\" aria-invalid=\"false\" \/><\/span><\/div>\n<\/div>\n<div class=\"row\">\n<div class=\"input-filled col-12\"><button type=\"submit\" class=\"wpcf7-submit btn btn-size-default\"><i class=\"fac fac-cloud-upload-alt space-right\"><\/i>Teklif Al<\/button><\/div>\n<\/div>\n<div class=\"wpcf7-response-output\" aria-hidden=\"true\"><\/div><\/form><\/div>        <\/div>\r\n    <\/div>\r\n\t\t<\/div>\n\t\t\t\t<\/div>\n\t\t            <\/div>\n        <\/div>\n                            <\/div>\n        <\/section>\n                <section class=\"elementor-section elementor-top-section elementor-element elementor-element-5860e395 elementor-section-full_width elementor-section-stretched elementor-section-height-default elementor-section-height-default\" data-id=\"5860e395\" data-element_type=\"section\" data-settings=\"{&quot;stretch_section&quot;:&quot;section-stretched&quot;}\">\n            \n                        <div class=\"elementor-container elementor-column-gap-default \">\n                    <div class=\"elementor-column elementor-col-100 elementor-top-column elementor-element elementor-element-4218bc30\" data-id=\"4218bc30\" data-element_type=\"column\">\n            <div class=\"elementor-widget-wrap elementor-element-populated\">\n                        \t\t<div class=\"elementor-element elementor-element-5bf3409c elementor-widget elementor-widget-ct_heading\" data-id=\"5bf3409c\" data-element_type=\"widget\" data-widget_type=\"ct_heading.default\">\n\t\t\t\t<div class=\"elementor-widget-container\">\n\t\t\t<div class=\"ct-heading ct-heading-default h-align-center \" data-wow-duration=\"1.2s\">\r\n\t\t\t<div class=\"item--sub-title style-default\">\r\n            <span>Rasel Sigorta<\/span>\r\n        <\/div>\r\n\t        <h3 class=\"item--title\">\r\n                \u00c7\u00f6z\u00fcm <cite>Ortaklar\u0131m\u0131z<\/cite>    <\/h3>\r\n<\/div>\t\t<\/div>\n\t\t\t\t<\/div>\n\t\t\t\t<div class=\"elementor-element elementor-element-353b76bc elementor-widget elementor-widget-ct_client_carousel\" data-id=\"353b76bc\" data-element_type=\"widget\" data-widget_type=\"ct_client_carousel.default\">\n\t\t\t\t<div class=\"elementor-widget-container\">\n\t\t\t    <div class=\"ct-client1 ct-slick-slider style2\">\r\n        <div class=\"ct-clients-list-inner\">\r\n            <div class=\"ct-slick-carousel\" data-arrows=\"\" data-dots=\"\" data-pauseOnHover=\"true\" data-autoplay=\"true\" data-autoplaySpeed=\"1000\" data-infinite=\"true\" data-speed=\"6000\" data-colxs=\"2\" data-colsm=\"3\" data-colmd=\"3\" data-collg=\"4\" data-colxl=\"6\" data-dir=\"false\" data-slidesToScroll=\"1\">\r\n                                        <div class=\"slick-slide\">\r\n                            <div class=\"client-image \">\r\n                                <a href=\"#\"><img decoding=\"async\" width=\"138\" height=\"70\" src=\"http:\/\/gencbilgiislem.com\/sigorta\/wp-content\/uploads\/2022\/10\/anadolusigorta.png\" class=\"attachment-full\" alt=\"\" \/><\/a>\r\n                            <\/div>\r\n                        <\/div>\r\n                                                            <div class=\"slick-slide\">\r\n                            <div class=\"client-image \">\r\n                                <a href=\"#\"><img decoding=\"async\" width=\"135\" height=\"38\" src=\"http:\/\/gencbilgiislem.com\/sigorta\/wp-content\/uploads\/2022\/10\/aksigorta.png\" class=\"attachment-full\" alt=\"\" \/><\/a>\r\n                            <\/div>\r\n                        <\/div>\r\n                                                            <div class=\"slick-slide\">\r\n                            <div class=\"client-image \">\r\n                                <a href=\"#\"><img decoding=\"async\" width=\"77\" height=\"44\" src=\"http:\/\/gencbilgiislem.com\/sigorta\/wp-content\/uploads\/2022\/10\/HdiSigorta.png\" class=\"attachment-full\" alt=\"\" \/><\/a>\r\n                            <\/div>\r\n                        <\/div>\r\n                                                            <div class=\"slick-slide\">\r\n                            <div class=\"client-image \">\r\n                                <a href=\"#\"><img decoding=\"async\" width=\"168\" height=\"84\" src=\"http:\/\/gencbilgiislem.com\/sigorta\/wp-content\/uploads\/2022\/10\/logo1.png\" class=\"attachment-full\" alt=\"\" \/><\/a>\r\n                            <\/div>\r\n                        <\/div>\r\n                                                            <div class=\"slick-slide\">\r\n                            <div class=\"client-image \">\r\n                                <a href=\"#\"><img decoding=\"async\" width=\"178\" height=\"35\" src=\"http:\/\/gencbilgiislem.com\/sigorta\/wp-content\/uploads\/2022\/10\/madgelogo.png\" class=\"attachment-full\" alt=\"\" \/><\/a>\r\n                            <\/div>\r\n                        <\/div>\r\n                                                            <div class=\"slick-slide\">\r\n                            <div class=\"client-image \">\r\n                                <a href=\"#\"><img decoding=\"async\" width=\"122\" height=\"68\" src=\"http:\/\/gencbilgiislem.com\/sigorta\/wp-content\/uploads\/2022\/10\/RaySigorta.png\" class=\"attachment-full\" alt=\"\" \/><\/a>\r\n                            <\/div>\r\n                        <\/div>\r\n                                                            <div class=\"slick-slide\">\r\n                            <div class=\"client-image \">\r\n                                <a href=\"#\"><img decoding=\"async\" width=\"173\" height=\"37\" src=\"http:\/\/gencbilgiislem.com\/sigorta\/wp-content\/uploads\/2022\/10\/TurkiyeSigorta.png\" class=\"attachment-full\" alt=\"\" \/><\/a>\r\n                            <\/div>\r\n                        <\/div>\r\n                                                            <div class=\"slick-slide\">\r\n                            <div class=\"client-image \">\r\n                                <a href=\"#\"><img decoding=\"async\" width=\"140\" height=\"70\" src=\"http:\/\/gencbilgiislem.com\/sigorta\/wp-content\/uploads\/2022\/10\/unico.png\" class=\"attachment-full\" alt=\"\" \/><\/a>\r\n                            <\/div>\r\n                        <\/div>\r\n                                                            <div class=\"slick-slide\">\r\n                            <div class=\"client-image \">\r\n                                <a href=\"#\"><img decoding=\"async\" width=\"210\" height=\"60\" src=\"http:\/\/gencbilgiislem.com\/sigorta\/wp-content\/uploads\/2022\/10\/aveon.png\" class=\"attachment-full\" alt=\"\" \/><\/a>\r\n                            <\/div>\r\n                        <\/div>\r\n                                                            <div class=\"slick-slide\">\r\n                            <div class=\"client-image \">\r\n                                <a href=\"#\"><img decoding=\"async\" width=\"157\" height=\"50\" src=\"http:\/\/gencbilgiislem.com\/sigorta\/wp-content\/uploads\/2022\/10\/bereketlogo.png\" class=\"attachment-full\" alt=\"\" \/><\/a>\r\n                            <\/div>\r\n                        <\/div>\r\n                                                            <div class=\"slick-slide\">\r\n                            <div class=\"client-image \">\r\n                                <a href=\"#\"><img decoding=\"async\" width=\"138\" height=\"70\" src=\"http:\/\/gencbilgiislem.com\/sigorta\/wp-content\/uploads\/2022\/10\/dogusigorta.png\" class=\"attachment-full\" alt=\"\" \/><\/a>\r\n                            <\/div>\r\n                        <\/div>\r\n                                                <\/div>\r\n        <\/div>\r\n    <\/div>\r\n\t\t<\/div>\n\t\t\t\t<\/div>\n\t\t            <\/div>\n        <\/div>\n                            <\/div>\n        <\/section>\n        \t\t\t\t\t<\/div>\n\t\t","protected":false},"excerpt":{"rendered":"<p>Rasel Sigorta Trafik Sigortas\u0131 Fiyat Teklifi Plaka Ve Kimlik Bilgileri T.C. Kimlik \/ Vergi Kimlik No * Sigortal\u0131 Do\u011fum Tarihi* E-Posta* Telefon Numaras\u0131* Arac\u0131n\u0131z S\u0131f\u0131r M\u0131 ?* EvetHay\u0131r Plaka* Belge Seri Ve No* Ara\u00e7 Bilgileri Arac\u0131n\u0131z S\u0131f\u0131r M\u0131 ?* EvetHay\u0131r Ara\u00e7 Tescil Tarihi* Marka* &#8212;AudiMercedesBMWFordHundai Model Y\u0131l\u0131*&#8212;19911992199319941995199619971998199920002001200220032004200520062007200820092010 Model* Submit now Rasel Sigorta \u00c7\u00f6z\u00fcm Ortaklar\u0131m\u0131z<\/p>\n","protected":false},"author":1,"featured_media":0,"parent":0,"menu_order":0,"comment_status":"closed","ping_status":"closed","template":"","meta":{"footnotes":""},"class_list":["post-3954","page","type-page","status-publish","hentry"],"_links":{"self":[{"href":"http:\/\/gencbilgiislem.com\/sigorta\/wp-json\/wp\/v2\/pages\/3954","targetHints":{"allow":["GET"]}}],"collection":[{"href":"http:\/\/gencbilgiislem.com\/sigorta\/wp-json\/wp\/v2\/pages"}],"about":[{"href":"http:\/\/gencbilgiislem.com\/sigorta\/wp-json\/wp\/v2\/types\/page"}],"author":[{"embeddable":true,"href":"http:\/\/gencbilgiislem.com\/sigorta\/wp-json\/wp\/v2\/users\/1"}],"replies":[{"embeddable":true,"href":"http:\/\/gencbilgiislem.com\/sigorta\/wp-json\/wp\/v2\/comments?post=3954"}],"version-history":[{"count":30,"href":"http:\/\/gencbilgiislem.com\/sigorta\/wp-json\/wp\/v2\/pages\/3954\/revisions"}],"predecessor-version":[{"id":4078,"href":"http:\/\/gencbilgiislem.com\/sigorta\/wp-json\/wp\/v2\/pages\/3954\/revisions\/4078"}],"wp:attachment":[{"href":"http:\/\/gencbilgiislem.com\/sigorta\/wp-json\/wp\/v2\/media?parent=3954"}],"curies":[{"name":"wp","href":"https:\/\/api.w.org\/{rel}","templated":true}]}}