{"id":185,"date":"2020-03-04T11:16:17","date_gmt":"2020-03-04T11:16:17","guid":{"rendered":"https:\/\/demo.casethemes.net\/alico\/?page_id=185"},"modified":"2022-11-21T22:34:12","modified_gmt":"2022-11-21T19:34:12","slug":"blog-grid-2-columns-sidebar-left","status":"publish","type":"page","link":"http:\/\/gencbilgiislem.com\/sigorta\/blog-grid-2-columns-sidebar-left\/","title":{"rendered":"Blog"},"content":{"rendered":"\t\t<div data-elementor-type=\"wp-page\" data-elementor-id=\"185\" class=\"elementor elementor-185\">\n\t\t\t\t\t\t\t        <section class=\"elementor-section elementor-top-section elementor-element elementor-element-a22914e elementor-section-boxed elementor-section-height-default elementor-section-height-default\" data-id=\"a22914e\" data-element_type=\"section\">\n            \n                        <div class=\"elementor-container elementor-column-gap-extended \">\n                    <div class=\"elementor-column elementor-col-100 elementor-top-column elementor-element elementor-element-9abdc83\" data-id=\"9abdc83\" data-element_type=\"column\">\n            <div class=\"elementor-widget-wrap elementor-element-populated\">\n                        \t\t<div class=\"elementor-element elementor-element-891b0c3 elementor-widget elementor-widget-ct_blog_grid\" data-id=\"891b0c3\" data-element_type=\"widget\" data-widget_type=\"ct_blog_grid.default\">\n\t\t\t\t<div class=\"elementor-widget-container\">\n\t\t\t\r\n<div id=\"ct_blog_grid-891b0c3\" class=\"ct-grid ct-blog-grid ct-blog-grid-layout2\" data-layout=\"masonry\" data-start-page=\"1\" data-max-pages=\"18\" data-total=\"104\" data-perpage=\"6\" data-next-link=\"http:\/\/gencbilgiislem.com\/sigorta\/wp-json\/wp\/v2\/pages\/185\/page\/2\/\">\r\n    <div class=\"ct-grid-overlay\"><\/div>\r\n    \r\n    <div class=\"ct-grid-inner ct-grid-masonry row animate-time\" data-gutter=\"15\">\r\n                    <div class=\"grid-sizer col-xl-6 col-lg-6 col-md-6 col-sm-6 col-12\"><\/div>\r\n                                <div class=\"grid-item col-xl-6 col-lg-6 col-md-6 col-sm-6 col-12 \">\r\n                    <div class=\"grid-item-inner \" data-wow-duration=\"1.2s\">\r\n                                                    <div class=\"entry-featured\">\r\n                                                                    <div class=\"item-date\">\r\n                                        <span>05<\/span>\r\n                                        <span>Ara<\/span>\r\n                                    <\/div>\r\n                                                                <a href=\"http:\/\/gencbilgiislem.com\/sigorta\/ozel-saglik-sigortasi-yaptirmak-icin-8-neden\/\"><img decoding=\"async\" class=\"\" src=\"http:\/\/gencbilgiislem.com\/sigorta\/wp-content\/uploads\/2022\/12\/ozel-saglik-sigortasi-yaptirmak-icin-8-neden.jpg\" width=\"600\" height=\"313\" alt=\"ozel-saglik-sigortasi-yaptirmak-icin-8-neden\" title=\"ozel-saglik-sigortasi-yaptirmak-icin-8-neden\" \/><\/a>\r\n                            <\/div>\r\n                                                <div class=\"entry-body\">\r\n                            <div class=\"entry-holder\">\r\n                                <h3 class=\"entry-title\"><a href=\"http:\/\/gencbilgiislem.com\/sigorta\/ozel-saglik-sigortasi-yaptirmak-icin-8-neden\/\">\u00d6zel Sa\u011fl\u0131k Sigortas\u0131 Yapt\u0131rmak i\u00e7in 8 Neden<\/a><\/h3>\r\n                                                                    <ul class=\"entry-meta\">\r\n                                                                                    <li class=\"item-author\">\r\n                                                <a href=\"http:\/\/gencbilgiislem.com\/sigorta\/author\/admin\/\"><i class=\"fac fac-user\"><\/i>admin<\/a><\/li>\r\n                                                                                                                            <li class=\"item-comment\"><i class=\"fac fac-comments\"><\/i>0 Comments<\/li>\r\n                                                                            <\/ul>\r\n                                                                                                    <div class=\"item--content\">\r\n                                                                            <\/div>\r\n                                                                                                    <div class=\"entry-readmore\">\r\n                                        <a class=\"btn-text\" href=\"http:\/\/gencbilgiislem.com\/sigorta\/ozel-saglik-sigortasi-yaptirmak-icin-8-neden\/\">\r\n                                            Read more                                            <i class=\"fac fac-angle-double-right space-left\"><\/i>\r\n                                        <\/a>\r\n                                    <\/div>\r\n                                                            <\/div>\r\n                        <\/div>\r\n                    <\/div>\r\n                <\/div>\r\n                            <div class=\"grid-item col-xl-6 col-lg-6 col-md-6 col-sm-6 col-12 \">\r\n                    <div class=\"grid-item-inner \" data-wow-duration=\"1.2s\">\r\n                                                    <div class=\"entry-featured\">\r\n                                                                    <div class=\"item-date\">\r\n                                        <span>05<\/span>\r\n                                        <span>Ara<\/span>\r\n                                    <\/div>\r\n                                                                <a href=\"http:\/\/gencbilgiislem.com\/sigorta\/yabancilar-icin-oturma-izni-nasil-alinir\/\"><img decoding=\"async\" class=\"\" src=\"http:\/\/gencbilgiislem.com\/sigorta\/wp-content\/uploads\/2022\/12\/yabanci-saglik-sigortasi-fiyatlari-2022-1.jpg\" width=\"600\" height=\"313\" alt=\"yabanci-saglik-sigortasi-fiyatlari-2022\" title=\"yabanci-saglik-sigortasi-fiyatlari-2022\" \/><\/a>\r\n                            <\/div>\r\n                                                <div class=\"entry-body\">\r\n                            <div class=\"entry-holder\">\r\n                                <h3 class=\"entry-title\"><a href=\"http:\/\/gencbilgiislem.com\/sigorta\/yabancilar-icin-oturma-izni-nasil-alinir\/\">Yabanc\u0131lar i\u00e7in Oturma \u0130zni Nas\u0131l Al\u0131n\u0131r?<\/a><\/h3>\r\n                                                                    <ul class=\"entry-meta\">\r\n                                                                                    <li class=\"item-author\">\r\n                                                <a href=\"http:\/\/gencbilgiislem.com\/sigorta\/author\/admin\/\"><i class=\"fac fac-user\"><\/i>admin<\/a><\/li>\r\n                                                                                                                            <li class=\"item-comment\"><i class=\"fac fac-comments\"><\/i>0 Comments<\/li>\r\n                                                                            <\/ul>\r\n                                                                                                    <div class=\"item--content\">\r\n                                                                            <\/div>\r\n                                                                                                    <div class=\"entry-readmore\">\r\n                                        <a class=\"btn-text\" href=\"http:\/\/gencbilgiislem.com\/sigorta\/yabancilar-icin-oturma-izni-nasil-alinir\/\">\r\n                                            Read more                                            <i class=\"fac fac-angle-double-right space-left\"><\/i>\r\n                                        <\/a>\r\n                                    <\/div>\r\n                                                            <\/div>\r\n                        <\/div>\r\n                    <\/div>\r\n                <\/div>\r\n                            <div class=\"grid-item col-xl-6 col-lg-6 col-md-6 col-sm-6 col-12 \">\r\n                    <div class=\"grid-item-inner \" data-wow-duration=\"1.2s\">\r\n                                                    <div class=\"entry-featured\">\r\n                                                                    <div class=\"item-date\">\r\n                                        <span>05<\/span>\r\n                                        <span>Ara<\/span>\r\n                                    <\/div>\r\n                                                                <a href=\"http:\/\/gencbilgiislem.com\/sigorta\/yabanci-saglik-sigortasi-fiyatlari-2022\/\"><img decoding=\"async\" class=\"\" src=\"http:\/\/gencbilgiislem.com\/sigorta\/wp-content\/uploads\/2022\/12\/yabancii-saglik-sigortasi-fiyatlari-2022.jpg\" width=\"600\" height=\"313\" alt=\"yabancii-saglik-sigortasi-fiyatlari-2022\" title=\"yabancii-saglik-sigortasi-fiyatlari-2022\" \/><\/a>\r\n                            <\/div>\r\n                                                <div class=\"entry-body\">\r\n                            <div class=\"entry-holder\">\r\n                                <h3 class=\"entry-title\"><a href=\"http:\/\/gencbilgiislem.com\/sigorta\/yabanci-saglik-sigortasi-fiyatlari-2022\/\">Yabanc\u0131 Sa\u011fl\u0131k Sigortas\u0131 Fiyatlar\u0131 2022<\/a><\/h3>\r\n                                                                    <ul class=\"entry-meta\">\r\n                                                                                    <li class=\"item-author\">\r\n                                                <a href=\"http:\/\/gencbilgiislem.com\/sigorta\/author\/admin\/\"><i class=\"fac fac-user\"><\/i>admin<\/a><\/li>\r\n                                                                                                                            <li class=\"item-comment\"><i class=\"fac fac-comments\"><\/i>0 Comments<\/li>\r\n                                                                            <\/ul>\r\n                                                                                                    <div class=\"item--content\">\r\n                                                                            <\/div>\r\n                                                                                                    <div class=\"entry-readmore\">\r\n                                        <a class=\"btn-text\" href=\"http:\/\/gencbilgiislem.com\/sigorta\/yabanci-saglik-sigortasi-fiyatlari-2022\/\">\r\n                                            Read more                                            <i class=\"fac fac-angle-double-right space-left\"><\/i>\r\n                                        <\/a>\r\n                                    <\/div>\r\n                                                            <\/div>\r\n                        <\/div>\r\n                    <\/div>\r\n                <\/div>\r\n                            <div class=\"grid-item col-xl-6 col-lg-6 col-md-6 col-sm-6 col-12 \">\r\n                    <div class=\"grid-item-inner \" data-wow-duration=\"1.2s\">\r\n                                                    <div class=\"entry-featured\">\r\n                                                                    <div class=\"item-date\">\r\n                                        <span>05<\/span>\r\n                                        <span>Ara<\/span>\r\n                                    <\/div>\r\n                                                                <a href=\"http:\/\/gencbilgiislem.com\/sigorta\/yabanci-saglik-sigortasi-nedir-kimler-yaptirabilir\/\"><img decoding=\"async\" class=\"\" src=\"http:\/\/gencbilgiislem.com\/sigorta\/wp-content\/uploads\/2022\/12\/tamamlayici-saglik-sigortasi-ayakta-tedavi-neleri-kapsar.jpg\" width=\"600\" height=\"313\" alt=\"tamamlayici-saglik-sigortasi-ayakta-tedavi-neleri-kapsar\" title=\"tamamlayici-saglik-sigortasi-ayakta-tedavi-neleri-kapsar\" \/><\/a>\r\n                            <\/div>\r\n                                                <div class=\"entry-body\">\r\n                            <div class=\"entry-holder\">\r\n                                <h3 class=\"entry-title\"><a href=\"http:\/\/gencbilgiislem.com\/sigorta\/yabanci-saglik-sigortasi-nedir-kimler-yaptirabilir\/\">Yabanc\u0131 Sa\u011fl\u0131k Sigortas\u0131 Nedir? Kimler Yapt\u0131rabilir?<\/a><\/h3>\r\n                                                                    <ul class=\"entry-meta\">\r\n                                                                                    <li class=\"item-author\">\r\n                                                <a href=\"http:\/\/gencbilgiislem.com\/sigorta\/author\/admin\/\"><i class=\"fac fac-user\"><\/i>admin<\/a><\/li>\r\n                                                                                                                            <li class=\"item-comment\"><i class=\"fac fac-comments\"><\/i>0 Comments<\/li>\r\n                                                                            <\/ul>\r\n                                                                                                    <div class=\"item--content\">\r\n                                                                            <\/div>\r\n                                                                                                    <div class=\"entry-readmore\">\r\n                                        <a class=\"btn-text\" href=\"http:\/\/gencbilgiislem.com\/sigorta\/yabanci-saglik-sigortasi-nedir-kimler-yaptirabilir\/\">\r\n                                            Read more                                            <i class=\"fac fac-angle-double-right space-left\"><\/i>\r\n                                        <\/a>\r\n                                    <\/div>\r\n                                                            <\/div>\r\n                        <\/div>\r\n                    <\/div>\r\n                <\/div>\r\n                            <div class=\"grid-item col-xl-6 col-lg-6 col-md-6 col-sm-6 col-12 \">\r\n                    <div class=\"grid-item-inner \" data-wow-duration=\"1.2s\">\r\n                                                    <div class=\"entry-featured\">\r\n                                                                    <div class=\"item-date\">\r\n                                        <span>05<\/span>\r\n                                        <span>Ara<\/span>\r\n                                    <\/div>\r\n                                                                <a href=\"http:\/\/gencbilgiislem.com\/sigorta\/tamamlayici-saglik-sigortasi-avantajlari\/\"><img decoding=\"async\" class=\"\" src=\"http:\/\/gencbilgiislem.com\/sigorta\/wp-content\/uploads\/2022\/12\/tamamlayici-saglik-sigortasi-avantajlari.jpg\" width=\"600\" height=\"313\" alt=\"tamamlayici-saglik-sigortasi-avantajlari\" title=\"tamamlayici-saglik-sigortasi-avantajlari\" \/><\/a>\r\n                            <\/div>\r\n                                                <div class=\"entry-body\">\r\n                            <div class=\"entry-holder\">\r\n                                <h3 class=\"entry-title\"><a href=\"http:\/\/gencbilgiislem.com\/sigorta\/tamamlayici-saglik-sigortasi-avantajlari\/\">Tamamlay\u0131c\u0131 Sa\u011fl\u0131k Sigortas\u0131 Avantajlar\u0131<\/a><\/h3>\r\n                                                                    <ul class=\"entry-meta\">\r\n                                                                                    <li class=\"item-author\">\r\n                                                <a href=\"http:\/\/gencbilgiislem.com\/sigorta\/author\/admin\/\"><i class=\"fac fac-user\"><\/i>admin<\/a><\/li>\r\n                                                                                                                            <li class=\"item-comment\"><i class=\"fac fac-comments\"><\/i>0 Comments<\/li>\r\n                                                                            <\/ul>\r\n                                                                                                    <div class=\"item--content\">\r\n                                                                            <\/div>\r\n                                                                                                    <div class=\"entry-readmore\">\r\n                                        <a class=\"btn-text\" href=\"http:\/\/gencbilgiislem.com\/sigorta\/tamamlayici-saglik-sigortasi-avantajlari\/\">\r\n                                            Read more                                            <i class=\"fac fac-angle-double-right space-left\"><\/i>\r\n                                        <\/a>\r\n                                    <\/div>\r\n                                                            <\/div>\r\n                        <\/div>\r\n                    <\/div>\r\n                <\/div>\r\n                            <div class=\"grid-item col-xl-6 col-lg-6 col-md-6 col-sm-6 col-12 \">\r\n                    <div class=\"grid-item-inner \" data-wow-duration=\"1.2s\">\r\n                                                    <div class=\"entry-featured\">\r\n                                                                    <div class=\"item-date\">\r\n                                        <span>05<\/span>\r\n                                        <span>Ara<\/span>\r\n                                    <\/div>\r\n                                                                <a href=\"http:\/\/gencbilgiislem.com\/sigorta\/pandemi-donemi-en-cok-sigortalanan-seyler-nelerdir\/\"><img decoding=\"async\" class=\"\" src=\"http:\/\/gencbilgiislem.com\/sigorta\/wp-content\/uploads\/2022\/12\/birikimli-hayat-sigortasi-nedir-teminatlari-nasil-hasaplanir.jpg\" width=\"600\" height=\"313\" alt=\"birikimli-hayat-sigortasi-nedir-teminatlari-nasil-hasaplanir\" title=\"birikimli-hayat-sigortasi-nedir-teminatlari-nasil-hasaplanir\" \/><\/a>\r\n                            <\/div>\r\n                                                <div class=\"entry-body\">\r\n                            <div class=\"entry-holder\">\r\n                                <h3 class=\"entry-title\"><a href=\"http:\/\/gencbilgiislem.com\/sigorta\/pandemi-donemi-en-cok-sigortalanan-seyler-nelerdir\/\">Pandemi D\u00f6nemi En \u00c7ok Sigortalanan \u015eeyler Nelerdir?<\/a><\/h3>\r\n                                                                    <ul class=\"entry-meta\">\r\n                                                                                    <li class=\"item-author\">\r\n                                                <a href=\"http:\/\/gencbilgiislem.com\/sigorta\/author\/admin\/\"><i class=\"fac fac-user\"><\/i>admin<\/a><\/li>\r\n                                                                                                                            <li class=\"item-comment\"><i class=\"fac fac-comments\"><\/i>0 Comments<\/li>\r\n                                                                            <\/ul>\r\n                                                                                                    <div class=\"item--content\">\r\n                                                                            <\/div>\r\n                                                                                                    <div class=\"entry-readmore\">\r\n                                        <a class=\"btn-text\" href=\"http:\/\/gencbilgiislem.com\/sigorta\/pandemi-donemi-en-cok-sigortalanan-seyler-nelerdir\/\">\r\n                                            Read more                                            <i class=\"fac fac-angle-double-right space-left\"><\/i>\r\n                                        <\/a>\r\n                                    <\/div>\r\n                                                            <\/div>\r\n                        <\/div>\r\n                    <\/div>\r\n                <\/div>\r\n                <\/div>\r\n            <div class=\"ct-grid-pagination\" data-loadmore=\"{&quot;startPage&quot;:1,&quot;maxPages&quot;:18,&quot;total&quot;:104,&quot;perpage&quot;:&quot;6&quot;,&quot;nextLink&quot;:&quot;http:\\\/\\\/gencbilgiislem.com\\\/sigorta\\\/wp-json\\\/wp\\\/v2\\\/pages\\\/185\\\/page\\\/2\\\/&quot;,&quot;source&quot;:&quot;&quot;,&quot;orderby&quot;:&quot;date&quot;,&quot;order&quot;:&quot;desc&quot;,&quot;limit&quot;:&quot;6&quot;,&quot;post_ids&quot;:&quot;&quot;,&quot;col_xl&quot;:6,&quot;col_lg&quot;:6,&quot;col_md&quot;:6,&quot;col_sm&quot;:6,&quot;col_xs&quot;:12,&quot;thumbnail_size&quot;:&quot;custom&quot;,&quot;thumbnail_custom_dimension&quot;:{&quot;width&quot;:&quot;600&quot;,&quot;height&quot;:&quot;600&quot;},&quot;pagination_type&quot;:&quot;pagination&quot;,&quot;show_author&quot;:&quot;true&quot;,&quot;show_date&quot;:&quot;true&quot;,&quot;show_comment&quot;:&quot;true&quot;,&quot;show_excerpt&quot;:&quot;true&quot;,&quot;num_words&quot;:25,&quot;show_button&quot;:&quot;true&quot;,&quot;button_text&quot;:&quot;&quot;,&quot;ct_animate&quot;:&quot;&quot;,&quot;template_type&quot;:&quot;post_grid_layout2&quot;,&quot;tax&quot;:[]}\" data-query=\"{&quot;post_type&quot;:&quot;post&quot;,&quot;posts_per_page&quot;:6,&quot;order&quot;:&quot;desc&quot;,&quot;orderby&quot;:&quot;date&quot;,&quot;tax_query&quot;:{&quot;relation&quot;:&quot;OR&quot;},&quot;post__not_in&quot;:[185]}\">\r\n                <nav class=\"navigation posts-pagination ajax\">\r\n        <div class=\"posts-page-links\">\r\n            <span aria-current=\"page\" class=\"page-numbers current\">1<\/span>\n<a class=\"page-numbers\" href=\"#2\">2<\/a>\n<span class=\"page-numbers dots\">&hellip;<\/span>\n<a class=\"page-numbers\" href=\"#18\">18<\/a>\n<a class=\"next page-numbers\" href=\"#2\"><i class=\"far fac-angle-right\"><\/i><\/a>        <\/div>\r\n    <\/nav>\r\n            <\/div>\r\n        <\/div>\t\t<\/div>\n\t\t\t\t<\/div>\n\t\t            <\/div>\n        <\/div>\n                            <\/div>\n        <\/section>\n        \t\t\t\t\t<\/div>\n\t\t","protected":false},"excerpt":{"rendered":"<p>15 Mar Strategy for Norway\u2019s Peion to Fund Global. admin 2 Comments At vero eos et accusamus et iustoodio digni goikussimos ducimus qui blanp ditiis praesum voluum. Read more 25 Feb What we are capable to usually discovered. admin 2 Comments At vero eos et accusamus et iustoodio digni goikussimos ducimus qui blanp ditiis praesum [&hellip;]<\/p>\n","protected":false},"author":1,"featured_media":0,"parent":0,"menu_order":0,"comment_status":"closed","ping_status":"closed","template":"","meta":{"footnotes":""},"class_list":["post-185","page","type-page","status-publish","hentry"],"_links":{"self":[{"href":"http:\/\/gencbilgiislem.com\/sigorta\/wp-json\/wp\/v2\/pages\/185","targetHints":{"allow":["GET"]}}],"collection":[{"href":"http:\/\/gencbilgiislem.com\/sigorta\/wp-json\/wp\/v2\/pages"}],"about":[{"href":"http:\/\/gencbilgiislem.com\/sigorta\/wp-json\/wp\/v2\/types\/page"}],"author":[{"embeddable":true,"href":"http:\/\/gencbilgiislem.com\/sigorta\/wp-json\/wp\/v2\/users\/1"}],"replies":[{"embeddable":true,"href":"http:\/\/gencbilgiislem.com\/sigorta\/wp-json\/wp\/v2\/comments?post=185"}],"version-history":[{"count":1,"href":"http:\/\/gencbilgiislem.com\/sigorta\/wp-json\/wp\/v2\/pages\/185\/revisions"}],"predecessor-version":[{"id":4125,"href":"http:\/\/gencbilgiislem.com\/sigorta\/wp-json\/wp\/v2\/pages\/185\/revisions\/4125"}],"wp:attachment":[{"href":"http:\/\/gencbilgiislem.com\/sigorta\/wp-json\/wp\/v2\/media?parent=185"}],"curies":[{"name":"wp","href":"https:\/\/api.w.org\/{rel}","templated":true}]}}